p(-2). What is the units digit of (3/t)/(42/i)?
7
Suppose -3*w + 3*c + 0 = 9, -4*w = 2*c - 6. Let f = w + 2. Suppose -5*x = -f*x - 81. What is the units digit of x?
7
Suppose -9*u = -12*u + 213. What is the tens digit of u?
7
Suppose -h + 28 = h. What is the units digit of (-1900)/(-20)*(h/10 + -1)?
8
Suppose 6*z - 2*z - 112 = -2*d, -3*z + 83 = d. What is the units digit of z?
7
Let m = 8 - -136. Let j be (-33)/(-6) - (-5)/(-10). Suppose 0 = -3*k - 3*f + m, -7*k = -4*k - j*f - 160. What is the tens digit of k?
5
Let p be (-4 - -4)/(2*-1). Let s(m) = -m**3 - m**2 + m + 22. Let f be s(p). Let x = f - 12. What is the tens digit of x?
1
Let t(r) = 21*r**2 + 21*r + 65. What is the hundreds digit of t(-12)?
8
Suppose h - 2*l = 413, -h + 378 = 3*l + 2*l. What is the tens digit of h?
0
Let k = -478 + 628. What is the units digit of k?
0
Let a = -14 - -17. Suppose -62 - 70 = -a*t. Let p = t + 5. What is the tens digit of p?
4
Let q be (0 - (-1)/2)*(1 - -3). Let k(o) be the second derivative of o**5/10 - o**4/6 + o**3/2 + 2*o. What is the units digit of k(q)?
4
Let r(p) be the first derivative of -7*p**3/3 - p**2/2 - p + 1. Let u be r(-1). Let f = 9 - u. What is the tens digit of f?
1
Let w = -48 - -35. What is the tens digit of ((-87)/(-2) + (-12 - w))*2?
8
Suppose -9*t + 47 = -7. What is the tens digit of 42*(-4 - (-68)/t)?
0
Suppose 5*c + 5*g = -0*g + 755, 0 = 3*g - 3. Suppose c*h = 147*h + 63. What is the units digit of h?
1
Suppose -5*k = -5*y - 16835, 0 = -424*k + 421*k + 5*y + 10091. What is the thousands digit of k?
3
Suppose 2*i - 8 = j, -2*j = i - 3 + 4. Let k(r) = -2*r + r**2 - i*r + 3*r - 5 + 11. What is the units digit of k(6)?
0
What is the hundreds digit of 3840 + ((-18)/(-21))/(5/(-35))?
8
Let d be 10*((4 - 8) + 85). Suppose 12*z - d = 2*z. What is the units digit of z?
1
Let m(w) = 9*w**2 - 4*w + 13. Let o be m(-5). Let k = o + -151. What is the tens digit of k?
0
What is the hundreds digit of (-12)/72*-3*(1 - -277)?
1
Let s = 19 + -9. Let x be -72*(s/(-4) + 2). Suppose -x = 4*h - 124. What is the tens digit of h?
2
Let n be 6/9 - (-4)/3. Let d = 28 + -26. Suppose -4*f + d = -n*f. What is the units digit of f?
1
Let q(l) be the third derivative of -49*l**6/24 - l**5/30 - l**4/8 - l**3/6 + 26*l**2. What is the tens digit of q(-1)?
4
Suppose -4*b + 4 = 0, -5*b + 259 = 5*r - 3*r. What is the hundreds digit of r?
1
Suppose 0 = -2*z + 4. What is the units digit of ((-50)/(-15) + -3)*(785 - z)?
1
Let x = 1 + 0. Suppose -3*q - 4*j - 16 = 0, q - 2*q + 3*j = -12. Let u = q + x. What is the units digit of u?
1
Let n(o) = o - 21. Let p(s) = 2*s - 64. Suppose -16 - 4 = -5*k. Let x(a) = k*p(a) - 11*n(a). What is the units digit of x(-14)?
7
Let o(j) = 79*j**3 + 2*j**2 - 2*j + 1. Let s be o(1). Suppose -s = 10*i - 1120. What is the tens digit of i?
0
Let j be (-2 - -3)*(1 + -13)/(-4). Suppose -4*z = -j*y - 55, -4*y + 15 = 3*z - y. What is the tens digit of z?
1
Suppose 10*o + 890 + 90 = 0. Let t = -59 - o. What is the units digit of t?
9
What is the tens digit of 89/((-6)/(-27) - 49/(-63))?
8
Let y = -1218 - -2461. What is the tens digit of y?
4
Let j = 3 + -1. Suppose j*u + 1 = u + 2*r, -u = 3*r - 14. Suppose -121 = -5*i - 2*b - 7, 0 = -3*i + u*b + 56. What is the tens digit of i?
2
Suppose -12873 = -32*v + 10903. What is the tens digit of v?
4
Let m(u) = -3*u + 0*u - 1 + 9 + 2*u. Let s(g) = 2*g - 7. Let r(a) = 2*m(a) + 3*s(a). What is the tens digit of r(11)?
3
Suppose 2*c - 33 = 5*c. Let p = -11 - c. What is the units digit of 1/(p - (-4)/60)?
5
Suppose 5*z = -14 - 31. Let q = z - 0. Let l = q + 10. What is the units digit of l?
1
Let a(q) = -6 + 0*q - 4*q + q. Suppose 0*d + 23 = -3*g - d, -5*g - 2*d - 39 = 0. What is the units digit of a(g)?
5
What is the units digit of (-35 + 10)/(1*-1)?
5
Let f = 369 + -219. What is the hundreds digit of f?
1
Let i(k) be the second derivative of k**5/20 - k**4/12 + 2*k**2 - 11*k. Let q be i(0). Suppose q = b - 51. What is the tens digit of b?
5
Let k = 240 - 167. What is the tens digit of (-4 - 0/4) + k?
6
Let z = 26 - 46. Let v be z/90 - (-20)/9. What is the units digit of (-30)/20*v/(-1)?
3
Suppose -380 = 14*p - 10*p. Let h be 50*(0 + 1/(-2)). Let r = h - p. What is the units digit of r?
0
Suppose 13*y = 38501 - 1243. What is the hundreds digit of y?
8
What is the tens digit of (-505)/(-20)*(1 - -7)?
0
Suppose 0 = 2*u - 5*a + 15 - 37, 0 = 5*u + a - 1. Let h(b) = 234*b + 3. What is the hundreds digit of h(u)?
2
Suppose -2*y = -5*k, -5*k = y - 6*y. Suppose -3*h + y*h + 33 = 0. Let g = 56 + h. What is the tens digit of g?
6
Suppose -8 = -4*w - 0. Suppose -2*y = w*a - 246, -3*y - 520 = -a - 3*a. What is the units digit of a?
7
Let p(c) = -2*c**3 + 8*c**2 - 15*c - 5. What is the hundreds digit of p(-4)?
3
What is the hundreds digit of -2355*(936/40)/(-13)?
2
Suppose -3*z - 23 = 4*r, r = 4*z + 1 - 2. Let u be 48/((-20)/(-8) + z). What is the tens digit of u/(-20)*(-8 + -2)?
1
Let a(y) be the first derivative of y**2/2 - 3*y - 4. Let u be a(11). Suppose 0 = -b + 5 + u. What is the units digit of b?
3
Let b(h) = -4*h**3 + h**2 - 3*h - 5. Let q be b(-2). Suppose 3*c + q = 2*j, -c + j = c + 26. What is the units digit of (-6)/(-9) - 80/c?
6
Suppose 2*u - 3*u + 18 = j, -3*u = 4*j - 51. Suppose -n = 3*s - 19, 3*s + n - u = -2*n. Suppose s*v - 20 = v. What is the units digit of v?
4
Suppose 5*m + 10 = -0*m, 3*t + 2*m = -79. What is the tens digit of (130/t)/((-3)/15)?
2
Suppose 3*r + 3387 = 5*a, 5*a - 1841 = -r + 1530. What is the units digit of a?
5
Suppose 2*n - 24 = a, -5*n = -a - 30 - 9. Let l be 0/2 + 0 - a. Let h = l - 0. What is the units digit of h?
4
Suppose -36 = 5*c - 116. Let o = c - 14. Suppose -2*q + 0*q + o = 0. What is the units digit of q?
1
Suppose -2*t + 5*d + 4821 + 6445 = 0, -2*t + 11266 = 2*d. What is the units digit of t?
3
Let i = -315 - -706. What is the units digit of i?
1
Suppose -4*l - s = 575 - 2644, -2060 = -4*l - 4*s. What is the tens digit of l?
1
Let n = 2 - 10. What is the units digit of 20/n*30/(-1)?
5
What is the units digit of -1*(4416/(-2))/4?
2
Suppose h + 10 = 6*h. Let v = -734 + 741. Suppose h*k = v*k - 210. What is the tens digit of k?
4
Suppose 5075 = -15*f + 30020. What is the units digit of f?
3
Suppose 0 = -4*z + d + 991 + 114, -3*z + 3*d + 831 = 0. What is the tens digit of 22/77 + z/14?
2
Let m = 9 - 9. Suppose 5*q - q - 24 = m. Suppose q*c - 17 - 1 = 0. What is the units digit of c?
3
Suppose 5*n - r - 4 = 3, -2*n - 3*r - 4 = 0. Let t be ((-65)/(-39))/(n/(-3)). Let g(k) = -5*k + 12. What is the tens digit of g(t)?
3
Suppose 5*f + 2*a - 30 = 0, 5*a = f + a + 16. Let o = f + 11. Suppose -t + 3*h + o = -52, -4*t - h = -203. What is the units digit of t?
2
Let p = -2125 - -4888. What is the units digit of p?
3
Suppose 44 = 4*a + 2*j, -5*a + 18 = -3*a + 2*j. Suppose 2*w - 4 = 0, -5*h + 4*w = -84 - a. What is the units digit of h?
1
Let t be 18/(-63) - 264/7. What is the tens digit of (-19)/t + 53/2?
2
Let t(b) be the second derivative of b**4/4 + b**3 - 4*b**2 - 21*b. What is the units digit of t(2)?
6
Let q be 4 + (-4 - -1) + 2. Let k(x) = 3 - q*x + 5*x + 2*x + 0*x. What is the units digit of k(5)?
3
Let y = -9 + 13. Suppose -7*c + y*c - 6 = 0. What is the units digit of -3 - ((-6)/c + -26)?
0
Suppose i - 7 - 2 = -g, 5*i - 5 = 3*g. Suppose 269 = g*a - 11. What is the units digit of a?
6
Let w(j) = -j**2 - 37*j + 59. What is the hundreds digit of w(-19)?
4
Let y be (4/(-12))/(3/27). What is the units digit of (3 - y*12)*1?
9
Suppose 898 = -445*v + 447*v. What is the units digit of v?
9
Suppose -6*w = -1287 - 3675. What is the tens digit of w?
2
Let h = -12 + 19. Let v be (-2 - 2)*(-40)/5. Suppose 3*z + v = h*z. What is the units digit of z?
8
Let n = -178 + 575. What is the hundreds digit of n?
3
Let u(i) = -i + 15. Let n be u(7). Suppose -2*h + n = 2*h. What is the units digit of h?
2
Suppose -2*n + 1503 = t - 1076, 3*n = -4*t + 10306. What is the thousands digit of t?
2
Suppose -253 - 56 = -3*q. Let w = q - 66. What is the tens digit of w?
3
Let u be 10/(-2)*(3 - 4). What is the units digit of 700/24 - u/30?
9
Let w = -74 - -87. Suppose w*i - 17*i + 4*x + 112 = 0, -5*x = 10. What is the units digit of i?
6
Let m(q) = -12*q + 3. Let a be m(-3). Suppose j - a = -38. Let o(z